
-5
Let u(j) = j**2 - 4*j + 14. Let o(i) = -7*i**2 + 214*i - 314. Let a be o(29). What is u(a)?
19
Let r = -2229 - -2223. Let n(g) = 4*g + 30. What is n(r)?
6
Let i(o) = 2*o**2 - 39*o + 18. Let t(g) = 2*g**2 - 36*g + 18. Let h(f) = 5*i(f) - 6*t(f). Give h(9).
9
Let j(g) = -7*g**3 + 2*g**2 - 2*g + 8. Let y(q) = 5*q**3 - 4*q**2 + q - 8. Let m(z) = -3*j(z) - 4*y(z). Give m(-9).
71
Let d(k) = k**2 - 2*k + 2. Let a = -74 - -50. Let g = a + 49. Suppose -g*c + 27*c - 8 = 0. Calculate d(c).
10
Suppose 2 = -o + 2*p, 23*o - 19*o - 4*p = 0. Let n(y) = -y**3 + 5*y**2 + y - 6. Calculate n(o).
8
Let p(o) = o**2 - 11*o + 3. Let v(a) = -4*a**2 + 44*a - 13. Let z(s) = -9*p(s) - 2*v(s). Let n(r) = 3284*r - 249579. Let t be n(76). Determine z(t).
29
Let b be (-48)/88 + -2 + 411/(-33). Let o(z) = z**3 + 15*z**2 - z + 5. What is o(b)?
20
Let r = 6613 - 6615. Let s(a) = 4*a - 18. What is s(r)?
-26
Let x(z) = z**3 + 5*z**2 - 9*z + 9. Let v be -2*(-8)/320*5*-28. Give x(v).
-26
Let k(u) be the second derivative of -55*u**3/6 + 599*u**2/2 - 3*u - 348. Calculate k(11).
-6
Suppose 35*u + 5*u - 102 = 98. Let z(c) be the first derivative of 3 + 5*c - 3/2*c**2 + 1/4*c**4 - 5/3*c**3. Calculate z(u).
-10
Suppose 0 = 2*f - 12 + 2. Let b(a) = -a + 2 - f - 2. Let w be (-15)/(-5)*-3 + 2. Calculate b(w).
2
Let b(n) = n**2 + 1706*n + 1713*n - 2 - 5126*n + 1720*n. Let i(v) = v**3 + 4*v**2 - v + 7. Let u be i(-5). Give b(u).
-2
Let v be (6 - (-4)/(-2)) + (-5 - 5). Let n(u) = 13*u + 78. Determine n(v).
0
Let o(t) = 7*t + 66. Let d(k) = -2*k - 33. Let f(a) = -7*d(a) - 3*o(a). Give f(-5).
68
Suppose -420 = -97*l - 32. Let j(y) be the third derivative of 3/2*y**3 + 19*y**2 - 1/12*y**l + 0 + 0*y. Calculate j(6).
-3
Let w(t) be the first derivative of -t + 5 + 1/2*t**2. Let k(y) = y**3 + 6*y**2 + 3*y - 11. Let a be k(-5). What is w(a)?
-2
Let n(u) = -u**3 - 20*u**2 + 67*u + 47. Let k be n(-23). Let v be -1*(-1 + -2)*1. Let h(m) = 0*m**2 - k*m**3 + 92*m**v + 5*m**2 - 5*m + 6. Calculate h(4).
2
Let m(p) = p**2 + 10*p + 1. Let y(a) = -68*a + 535. Let x be y(8). Determine m(x).
-8
Let o = 73 + -50. Let c = 23 - o. Let t(d) = -d + 2 + c + 2. Calculate t(0).
4
Let n(o) be the third derivative of -45*o**2 - 1/30*o**5 + 0*o - 5/24*o**4 + 0 - 1/2*o**3. Calculate n(-3).
-6
Let t(a) = -a**2 - 5*a**2 + 4*a**2 - 2*a**2. Suppose 5*m - f = m + 41, 0 = 3*m + f - 22. Suppose -9*d + m = -0*d. What is t(d)?
-4
Let u(o) = -o**2 + 4*o - 3. Let b be (4 + 2)*(-260)/15. Let c be b/3 - (-12)/18. Let q = -31 - c. What is u(q)?
0
Suppose 2*s + 43 = -35. Let d = -29 - s. Let n(w) = -w**3 + 10*w**2 - 2*w + 10. Give n(d).
-10
Let o(b) = -27*b - 2062. Let v be o(-77). Let m(x) = 2*x**3 - 35*x**2 + 16*x + 9. Determine m(v).
-8
Let f(p) = -p + 3. Let n be f(3). Let o(g) be the second derivative of 0 - 9*g + 1/6*g**3 + 1/12*g**4 + 5*g**2. Determine o(n).
10
Let t(i) = 3*i - 232. Let d(m) = 2*m - 128. Let x(j) = -7*d(j) + 4*t(j). What is x(-14)?
-4
Let h = -21 - -26. Suppose -5*d + h*x + 12 = -3*d, -4*d + 6 = -x. Let o(r) = -5*r**2 + 2*r**3 - d - 4 + 3 - 3*r**3. Calculate o(-5).
-2
Let h(u) = u**3 - 22*u**2 - 4. Let p be h(0). Let d(l) = -5*l + 8. Determine d(p).
28
Let p(w) = -7*w - 3. Let z(h) = h. Let b(y) = p(y) + 5*z(y). Let k be 3/3 - (-1 + 3). Let f be 3 + k*(-4 - -3). What is b(f)?
-11
Let v(q) = 3*q - 13. Let y(g) be the third derivative of g**4/24 - g**3/2 + 4*g**2. Suppose -8*i + 13 = -19. Let d(w) = i*v(w) - 18*y(w). What is d(3)?
-16
Let l(a) = 6*a**2 + 6*a - 7. Let w(g) = -17*g**2 - 17*g + 20. Let c(b) = 8*l(b) + 3*w(b). Let i = 722 + -484. Let d = i + -241. Give c(d).
-14
Let o(r) be the third derivative of 0 + 1/12*r**4 - 97*r**2 + 0*r + r**3. Let x = -4 - 3. Give o(x).
-8
Let z(n) = -4*n**2 - n + 8. Let v(a) = -11*a**2 - 5*a + 36. Let g(t) = 2*v(t) - 6*z(t). Give g(0).
24
Let l = 2 - 3. Let t(r) = -13*r + 24. Let w(h) = -21*h + 39. Let g(d) = 13*t(d) - 8*w(d). Calculate g(l).
1
Let c(p) = -p**3 + 18*p**2 + p + 8. Let v = 4914 + -4896. Give c(v).
26
Let p(a) = 2*a**3 + a**2 - 5. Let r = 4427 + -4425. Calculate p(r).
15
Let m(l) = 2*l**2 - l**2 - 9 + 8*l - 2*l**2. Suppose 23*p - 7*p - 432 = 0. Suppose -11*b - 96 = -p*b. Calculate m(b).
3
Suppose 273*a + 683 - 393 = -1348. Let l(t) = 2*t**3 + 11*t**2 - 10*t - 17. Determine l(a).
7
Let u(z) = 6*z + 5. Let l(w) = -w**2 + 48*w + 1183. Let c be l(-18). Calculate u(c).
-25
Let p(a) = a + 4. Suppose s = -3*s + 2*g + 42, -3*g = 5*s - 80. Suppose -18*m - 41 = s. Calculate p(m).
1
Let t(n) = n**2 - 53*n + 315. Let j(g) = -54*g + 262. Let a be j(4). What is t(a)?
-7
Let c(d) = d**2 - 2*d - 2. Let m(t) = t**2 + 7*t + 18. Let b = -111 - -98. Let j be m(b). Let z = -94 + j. Calculate c(z).
-2
Let c(t) = -88*t**2 + 21 - 26*t + 27*t**2 + 58*t**2. Let g be c(-9). Let y(p) = p**3 - 13*p**2 + 10*p + 15. Give y(g).
-9
Let y(i) = 7*i**3 + 14*i**2 + 5*i - 4. Let q(t) = 10*t**3 - 3*t - t**2 - 6*t**2 + 3 + 3*t**3 - 22*t**3 + 5*t**3. Let o(f) = 5*q(f) + 3*y(f). Determine o(-7).
3
Let j be -10 + 2 + 1 + 2. Let n(l) = 126028*l + 621*l**2 + 2 - 622*l**2 - 126033*l. Calculate n(j).
2
Let n(u) = -20*u - 1. Let b be n(0). Let m be 1/(-2*1/2*b). Let x(v) = 6*v + 2*v + 0*v + 1. Calculate x(m).
9
Let m(g) = -37*g + 226. Let y = -5381 + 5387. Give m(y).
4
Let r(f) = 100*f - 1292. Let u be r(13). Let d(y) = -y**3 + 9*y**2 - 10*y + 11. Give d(u).
-5
Let h(t) = -t**3 + 8*t**2 - 4*t + 11. Let w be ((-174)/(-4)*(-8)/(-6))/1. Let j = w + -50. What is h(j)?
-21
Let q(n) = 4*n**3 + 27*n**2 + 37*n + 35. Let f = 226 + -233. Let l(r) = -3*r**3 - 18*r**2 - 25*r - 24. Let d(g) = f*l(g) - 5*q(g). Determine d(10).
-7
Let y(j) = 17*j**2 + 151*j + 145. Let d be y(-1). Let b(v) = -12*v + 16 + 5*v**2 - 4*v**2 - 11. Give b(d).
-6
Let o = -151 + 155. Let d(k) be the second derivative of -k**5/20 + k**4/4 + k**3/2 + 3*k**2/2 - 94*k. Determine d(o).
-1
Let r(w) = w**2 + 14*w + 16. Let o(v) = 3*v**2 + 8*v. Let l(x) = 17*x**2 + 40*x. Let k(z) = 2*l(z) - 11*o(z). Let y be k(6). Determine r(y).
-8
Let i(h) be the third derivative of h**7/2520 + h**6/240 - h**5/120 - h**4/8 - h**3/2 + 28*h**2. Let p(j) be the second derivative of i(j). Calculate p(-4).
3
Let m be 6*(-1)/(-2 - -1). Let o = 633 + -626. Let d(f) = 159 + o*f**2 - f**3 - 334 - 5*f + 168. What is d(m)?
-1
Let o(t) be the third derivative of -t**5/30 - t**4/24 + 7*t**3/6 - t**2 + 37*t + 75. Let d = -15 - -10. What is o(d)?
-38
Let k(p) = -4*p**3 + 354*p**2 - 36*p - 1. Let c(o) = o**3 - 68*o**2 + o + 1. Let t(q) = 5*c(q) + k(q). Calculate t(-16).
-12
Suppose 53 = 4*p + 3*x, 2*x + 7 = -3*p + 46. Let l(s) = -6*s + 4*s + 3*s + 9*s - 10 - p*s. Determine l(-10).
0
Let y(i) = -2*i**2 + 14*i - 8. Let a(b) = -b**3 + 72*b**2 + 222*b + 232. Let t be a(75). Calculate y(t).
-8
Let o(d) = 2*d + 15. Suppose -664 = 3*q + 2*u, -q - 212 = 34*u - 38*u. Let g = q + 209. Give o(g).
-7
Suppose 2*c + 6 = 5*j, -2*j = 320*c - 318*c - 8. Let f(l) = -7*l + 9. Calculate f(c).
-5
Let z(f) be the second derivative of -177*f + 1/2*f**2 + 0 - 1/6*f**3. What is z(4)?
-3
Let w = 1 + 8. Let q(c) = 6 + 6 - 2 + 5*c**3 - 2*c**3 - 10*c - 8*c**2 - 2*c**3. Determine q(w).
1
Let a be (26/(-4) - -2)*(-776)/1746. Let t(w) = -9*w + 20. Give t(a).
2
Suppose 5*s = -d + 26, 19 + 0 = -d + 4*s. Let q(b) = -26*b + 8. Let t(j) = -31*j + 10. Let i(l) = -5*q(l) + 4*t(l). Determine i(d).
6
Let p(w) = -64*w - 65*w + 21 - 58*w + 186*w. What is p(22)?
-1
Let g(a) be the first derivative of -5*a**2/2 + 3. Let y be (-2 - (-2 + 5))*-1. Suppose s = -y*r + 1 + 8, 2*r - 5 = s. Determine g(s).
5
Let g(d) = 5*d - 1. Let p be (44/275)/(2/95)*10. Let m = p + -114. Let r = -39 - m. Calculate g(r).
-6
Let k be (0 - (-18)/(-15))*880/(-3). Let c = 355 - k. Let f(b) be the first derivative of -b**2/2 - b + 2. Determine f(c).
-4
Suppose -l + 3 = p, 5*l + 0*p = -2*p. Let x(w) be the second derivative of 5*w**4/12 + w**3/6 - w**2 - 15867*w. What is x(l)?
16
Suppose 20 + 12 = 16*b. Let m be -2*2/((-4)/3). Let z(j) = j + b*j**3 - m*j**3 - 8*j**2 - 11 + 2*j**3. Determine z(8).
-3
Let u(g) = g**3 - 8*g**2 - g. Suppose 2 = 5*c - 38. Let d be u(c). Let h(x) = -9*x - 2. Let m(p) = 2*p - 1. Let j(s) = -h(s) - 4*m(s). Calculate j(d).
-2
Suppose 119 + 376 = 156*h + 27. Let a(v) = -2*v**3 - v**2 - 7*v + 3. What is a(h)?
-81
Let y(m) = m**3 +